{"id":114,"date":"2024-10-08T11:09:27","date_gmt":"2024-10-08T11:09:27","guid":{"rendered":"https:\/\/www.valaskirjat.fi\/?page_id=114"},"modified":"2024-10-10T06:25:11","modified_gmt":"2024-10-10T06:25:11","slug":"hannu-hirvonen","status":"publish","type":"page","link":"https:\/\/www.valaskirjat.fi\/index.php\/hannu-hirvonen\/","title":{"rendered":"Hannu Hirvonen"},"content":{"rendered":"<div class=\"wp-block-image\">\n<figure class=\"alignright size-full is-resized\"><img loading=\"lazy\" decoding=\"async\" width=\"960\" height=\"960\" src=\"https:\/\/www.valaskirjat.fi\/wp-content\/uploads\/2024\/10\/IMG_0525-1-rotated.jpg\" alt=\"\" class=\"wp-image-115\" style=\"width:426px;height:auto\" srcset=\"https:\/\/www.valaskirjat.fi\/wp-content\/uploads\/2024\/10\/IMG_0525-1-rotated.jpg 960w, https:\/\/www.valaskirjat.fi\/wp-content\/uploads\/2024\/10\/IMG_0525-1-300x300.jpg 300w, https:\/\/www.valaskirjat.fi\/wp-content\/uploads\/2024\/10\/IMG_0525-1-150x150.jpg 150w, https:\/\/www.valaskirjat.fi\/wp-content\/uploads\/2024\/10\/IMG_0525-1-768x768.jpg 768w, https:\/\/www.valaskirjat.fi\/wp-content\/uploads\/2024\/10\/IMG_0525-1-920x920.jpg 920w, https:\/\/www.valaskirjat.fi\/wp-content\/uploads\/2024\/10\/IMG_0525-1-100x100.jpg 100w\" sizes=\"(max-width: 960px) 100vw, 960px\" \/><\/figure><\/div>\n\n\n<p>Hannu Hirvonen on turkulainen lastenkirjailija ja aforisti. Hannu on julkaissut pitk\u00e4lti yli kaksikymment\u00e4 lasten- tai nuortenkirjaa sek\u00e4 kolme aforismikokoelmaa. H\u00e4nen kirjansa ovat olleet mm. Finlandia Junior-, Lasten LukuVarkaus-, Laivakello ja Kirjava kettu-palkintojen ehdokkaina. Aforismikokoelma V<em>uori sumussa<\/em> valittiin Vuoden 2021 aforismikirjaksi. <\/p>\n\n\n\n<p>Eli oikeesti n\u00e4in: Hannu Hirvonen on laiskanpulskee jalli ja haukkuva halli. K\u00e4veleminen on Hannun p\u00e4\u00e4ty\u00f6. K\u00e4velyn j\u00e4lkeen Hannu kirjoittaa muistiin sen, mit\u00e4 jalat ovat kertoneet. Aina sit\u00e4 ei kannata julkaista. Hannu rakastaa j\u00e4\u00e4tel\u00f6\u00e4 kes\u00e4isin, onneksi j\u00e4\u00e4tel\u00f6n satokausi sattuu kes\u00e4\u00e4n. My\u00f6s junamatkat ovat Hannun mieleen, etenkin jos ne suuntautuvat Helsingist\u00e4 Turkuun. Lapsille Hannu kirjoittaa sen takia, ett\u00e4 se on t\u00e4rke\u00e4\u00e4 ja hauskaa, aforismeja aikuisille taas siksi, ett\u00e4 sellaisia tulee mieleen vaikkapa k\u00e4velyretkill\u00e4.<\/p>\n\n\n\n<p>Valas-teokset:<br><a href=\"https:\/\/www.valaskirjat.fi\/index.php\/vahna-paha\/\">Vahna Paha<\/a><br><a href=\"https:\/\/www.valaskirjat.fi\/index.php\/viisisataa-kutiavaa-hammasta\/\">Viisisataa kutiavaa hammasta<\/a><br><a href=\"https:\/\/www.valaskirjat.fi\/index.php\/jaapeilin-vanki\/\">J\u00e4\u00e4peilin vanki<\/a><\/p>\n\n\n\n<p><\/p>\n\n\n\n<p>Hannun tavoittaa osoitteesta: h.hirvonen2(at)luukku.com<\/p>\n","protected":false},"excerpt":{"rendered":"<p>Hannu Hirvonen on turkulainen lastenkirjailija ja aforisti. Hannu on julkaissut pitk\u00e4lti yli kaksikymment\u00e4 lasten- tai&#8230;<\/p>\n","protected":false},"author":1,"featured_media":0,"parent":0,"menu_order":0,"comment_status":"closed","ping_status":"closed","template":"","meta":{"footnotes":""},"class_list":["post-114","page","type-page","status-publish","hentry"],"_links":{"self":[{"href":"https:\/\/www.valaskirjat.fi\/index.php\/wp-json\/wp\/v2\/pages\/114"}],"collection":[{"href":"https:\/\/www.valaskirjat.fi\/index.php\/wp-json\/wp\/v2\/pages"}],"about":[{"href":"https:\/\/www.valaskirjat.fi\/index.php\/wp-json\/wp\/v2\/types\/page"}],"author":[{"embeddable":true,"href":"https:\/\/www.valaskirjat.fi\/index.php\/wp-json\/wp\/v2\/users\/1"}],"replies":[{"embeddable":true,"href":"https:\/\/www.valaskirjat.fi\/index.php\/wp-json\/wp\/v2\/comments?post=114"}],"version-history":[{"count":5,"href":"https:\/\/www.valaskirjat.fi\/index.php\/wp-json\/wp\/v2\/pages\/114\/revisions"}],"predecessor-version":[{"id":133,"href":"https:\/\/www.valaskirjat.fi\/index.php\/wp-json\/wp\/v2\/pages\/114\/revisions\/133"}],"wp:attachment":[{"href":"https:\/\/www.valaskirjat.fi\/index.php\/wp-json\/wp\/v2\/media?parent=114"}],"curies":[{"name":"wp","href":"https:\/\/api.w.org\/{rel}","templated":true}]}}