{"id":185,"date":"2025-05-06T11:01:58","date_gmt":"2025-05-06T11:01:58","guid":{"rendered":"https:\/\/www.valaskirjat.fi\/?page_id=185"},"modified":"2025-05-06T11:01:59","modified_gmt":"2025-05-06T11:01:59","slug":"juho-jupiter-juusola","status":"publish","type":"page","link":"https:\/\/www.valaskirjat.fi\/index.php\/juho-jupiter-juusola\/","title":{"rendered":"Juho Jupiter Juusola"},"content":{"rendered":"<div class=\"wp-block-image\">\n<figure class=\"alignright size-large is-resized\"><img loading=\"lazy\" decoding=\"async\" width=\"725\" height=\"1024\" src=\"http:\/\/www.valaskirjat.fi\/wp-content\/uploads\/2024\/08\/Nayttokuva-2024-08-28-kello-11.46.24-725x1024.png\" alt=\"\" class=\"wp-image-19\" style=\"width:319px;height:auto\" srcset=\"https:\/\/www.valaskirjat.fi\/wp-content\/uploads\/2024\/08\/Nayttokuva-2024-08-28-kello-11.46.24-725x1024.png 725w, https:\/\/www.valaskirjat.fi\/wp-content\/uploads\/2024\/08\/Nayttokuva-2024-08-28-kello-11.46.24-212x300.png 212w, https:\/\/www.valaskirjat.fi\/wp-content\/uploads\/2024\/08\/Nayttokuva-2024-08-28-kello-11.46.24-768x1085.png 768w, https:\/\/www.valaskirjat.fi\/wp-content\/uploads\/2024\/08\/Nayttokuva-2024-08-28-kello-11.46.24.png 842w\" sizes=\"(max-width: 725px) 100vw, 725px\" \/><\/figure><\/div>\n\n\n<p>Juho Jupiter Juusola. Sopuli, 2021\u00a0<br>Kansi: Jyrki Pitk\u00e4<\/p>\n\n\n\n<p>Viidesluokkalaisen yksinoloa arvostavan Juhon el\u00e4m\u00e4 muuttuu,&nbsp; kun kotiin muuttaa rasittava Hilma-serkku. Hilma seuraa Juhoa kaikkialle, jopa samalle luokalle. Juhoa seuraa my\u00f6s rikollisliiga harmaalla autollaan. Hilman mielest\u00e4 Juho vain kuvittelee, koska h\u00e4n pelaa liikaa taistelupelej\u00e4. Mutta mik\u00e4 on totuus? Vauhdikas ja humoristinen lastenromaani puolustaa jokaisen oikeutta olla oma itsens\u00e4. Kirja oli ehdolla Lasten LukuVarkaus-palkinnolle 2022. Ik\u00e4ryhm\u00e4: 8-12<\/p>\n\n\n\n<figure class=\"wp-block-embed\"><div class=\"wp-block-embed__wrapper\">\nhttps:\/\/lastenkirjahylly.blogspot.com\/2021\/09\/sankaruutta-on-monenlaista.html\n<\/div><\/figure>\n\n\n\n<p><a href=\"http:\/\/katariinaromppainen.wordpress.com\/\" target=\"_blank\" rel=\"noreferrer noopener\">katariinaromppainen.wordpress.com<\/a><\/p>\n","protected":false},"excerpt":{"rendered":"<p>Juho Jupiter Juusola. Sopuli, 2021\u00a0Kansi: Jyrki Pitk\u00e4 Viidesluokkalaisen yksinoloa arvostavan Juhon el\u00e4m\u00e4 muuttuu,&nbsp; kun kotiin&#8230;<\/p>\n","protected":false},"author":1,"featured_media":0,"parent":0,"menu_order":0,"comment_status":"closed","ping_status":"closed","template":"","meta":{"footnotes":""},"class_list":["post-185","page","type-page","status-publish","hentry"],"_links":{"self":[{"href":"https:\/\/www.valaskirjat.fi\/index.php\/wp-json\/wp\/v2\/pages\/185"}],"collection":[{"href":"https:\/\/www.valaskirjat.fi\/index.php\/wp-json\/wp\/v2\/pages"}],"about":[{"href":"https:\/\/www.valaskirjat.fi\/index.php\/wp-json\/wp\/v2\/types\/page"}],"author":[{"embeddable":true,"href":"https:\/\/www.valaskirjat.fi\/index.php\/wp-json\/wp\/v2\/users\/1"}],"replies":[{"embeddable":true,"href":"https:\/\/www.valaskirjat.fi\/index.php\/wp-json\/wp\/v2\/comments?post=185"}],"version-history":[{"count":1,"href":"https:\/\/www.valaskirjat.fi\/index.php\/wp-json\/wp\/v2\/pages\/185\/revisions"}],"predecessor-version":[{"id":186,"href":"https:\/\/www.valaskirjat.fi\/index.php\/wp-json\/wp\/v2\/pages\/185\/revisions\/186"}],"wp:attachment":[{"href":"https:\/\/www.valaskirjat.fi\/index.php\/wp-json\/wp\/v2\/media?parent=185"}],"curies":[{"name":"wp","href":"https:\/\/api.w.org\/{rel}","templated":true}]}}