{"id":198,"date":"2025-11-20T10:05:00","date_gmt":"2025-11-20T10:05:00","guid":{"rendered":"https:\/\/www.valaskirjat.fi\/?page_id=198"},"modified":"2025-11-20T10:08:56","modified_gmt":"2025-11-20T10:08:56","slug":"kutsumaton-vieras","status":"publish","type":"page","link":"https:\/\/www.valaskirjat.fi\/index.php\/kutsumaton-vieras\/","title":{"rendered":"Kutsumaton vieras"},"content":{"rendered":"<div class=\"wp-block-image\">\n<figure class=\"alignright size-large is-resized\"><img loading=\"lazy\" decoding=\"async\" width=\"722\" height=\"1024\" src=\"https:\/\/www.valaskirjat.fi\/wp-content\/uploads\/2025\/11\/kutsumaton-vieras-kansi-722x1024.jpg\" alt=\"\" class=\"wp-image-200\" style=\"width:297px;height:auto\" srcset=\"https:\/\/www.valaskirjat.fi\/wp-content\/uploads\/2025\/11\/kutsumaton-vieras-kansi-722x1024.jpg 722w, https:\/\/www.valaskirjat.fi\/wp-content\/uploads\/2025\/11\/kutsumaton-vieras-kansi-211x300.jpg 211w, https:\/\/www.valaskirjat.fi\/wp-content\/uploads\/2025\/11\/kutsumaton-vieras-kansi-768x1090.jpg 768w, https:\/\/www.valaskirjat.fi\/wp-content\/uploads\/2025\/11\/kutsumaton-vieras-kansi.jpg 874w\" sizes=\"(max-width: 722px) 100vw, 722px\" \/><\/figure><\/div>\n\n\n<p>KUTSUMATON VIERAS on selkokielisten novellien kokoelma erityisesti opintoja suorittaville tai muulla tavoin tulevaisuutta pohtiville nuorille aikuisille, ja se sopii esimerkiksi toisen asteen oppilaitosten selkokieliseksi lukemistoksi. Kirjan novelleissa haaveillaan tulevaisuudesta, kadutaan tehtyj\u00e4 virheit\u00e4 ja kohdataan niin toisia ihmisi\u00e4 kuin kummituksiakin. Novellien teemoja ovat muun muassa oman tahdon ilmaiseminen, vastuu, suostumuksellisuus ja luopuminen. Kirjan novellit ovat Tapani Baggen, Mervi Heikkil\u00e4n, Anne Leinosen, Markku Karpion ja P\u00e4ivi Lukkarilan kirjoittamia.<\/p>\n","protected":false},"excerpt":{"rendered":"<p>KUTSUMATON VIERAS on selkokielisten novellien kokoelma erityisesti opintoja suorittaville tai muulla tavoin tulevaisuutta pohtiville nuorille&#8230;<\/p>\n","protected":false},"author":1,"featured_media":0,"parent":0,"menu_order":0,"comment_status":"closed","ping_status":"closed","template":"","meta":{"footnotes":""},"class_list":["post-198","page","type-page","status-publish","hentry"],"_links":{"self":[{"href":"https:\/\/www.valaskirjat.fi\/index.php\/wp-json\/wp\/v2\/pages\/198"}],"collection":[{"href":"https:\/\/www.valaskirjat.fi\/index.php\/wp-json\/wp\/v2\/pages"}],"about":[{"href":"https:\/\/www.valaskirjat.fi\/index.php\/wp-json\/wp\/v2\/types\/page"}],"author":[{"embeddable":true,"href":"https:\/\/www.valaskirjat.fi\/index.php\/wp-json\/wp\/v2\/users\/1"}],"replies":[{"embeddable":true,"href":"https:\/\/www.valaskirjat.fi\/index.php\/wp-json\/wp\/v2\/comments?post=198"}],"version-history":[{"count":2,"href":"https:\/\/www.valaskirjat.fi\/index.php\/wp-json\/wp\/v2\/pages\/198\/revisions"}],"predecessor-version":[{"id":201,"href":"https:\/\/www.valaskirjat.fi\/index.php\/wp-json\/wp\/v2\/pages\/198\/revisions\/201"}],"wp:attachment":[{"href":"https:\/\/www.valaskirjat.fi\/index.php\/wp-json\/wp\/v2\/media?parent=198"}],"curies":[{"name":"wp","href":"https:\/\/api.w.org\/{rel}","templated":true}]}}